{"id":6404,"date":"2023-12-12T17:18:41","date_gmt":"2023-12-12T15:18:41","guid":{"rendered":"https:\/\/lycea.fr\/courtier\/?page_id=6404"},"modified":"2023-12-13T14:05:36","modified_gmt":"2023-12-13T12:05:36","slug":"courtier-grossiste-assurance-2","status":"publish","type":"page","link":"https:\/\/lycea.fr\/courtier\/courtier-grossiste-assurance-2\/","title":{"rendered":"Courtier grossiste en assurance &#8211; opti seo"},"content":{"rendered":"<div class=\"wpb-content-wrapper\">[vc_row content_placement=\u00a0\u00bbmiddle\u00a0\u00bb el_class=\u00a0\u00bbslider-accueil\u00a0\u00bb css=\u00a0\u00bb.vc_custom_1624001727476{background-image: url(https:\/\/mlqypjg5vbew.i.optimole.com\/w:auto\/h:auto\/q:mauto\/ig:avif\/https:\/\/lycea.fr\/courtier\/wp-content\/uploads\/2017\/08\/stock.jpg?id=4732) !important;background-position: center !important;background-repeat: no-repeat !important;background-size: cover !important;}\u00a0\u00bb][vc_column][\/vc_column][\/vc_row][vc_row content_placement=\u00a0\u00bbmiddle\u00a0\u00bb equal_height=\u00a0\u00bbyes\u00a0\u00bb max_width=\u00a0\u00bb80&Prime;][vc_column][vc_empty_space height=\u00a0\u00bb30px\u00a0\u00bb][vc_row_inner][vc_column_inner width=\u00a0\u00bb1\/2&Prime;][vc_column_text text_align=\u00a0\u00bbleft\u00a0\u00bb color=\u00a0\u00bb#ffffff\u00a0\u00bb]<a class=\"button-interne\" href=\"https:\/\/ssl.agilys.io\/WD260AWP\/WD260Awp.exe\/CONNECT\/AssurWeb\" target=\"_blank\" rel=\"noopener\">ESPACE <em><strong>CLIENTS<\/strong><\/em><\/a>[\/vc_column_text][vc_empty_space height=\u00a0\u00bb30px\u00a0\u00bb][\/vc_column_inner][vc_column_inner width=\u00a0\u00bb1\/2&Prime;][vc_empty_space height=\u00a0\u00bb20px\u00a0\u00bb][vc_column_text]\n<p style=\"text-align: right;\">\n[\/vc_column_text][vc_empty_space height=\u00a0\u00bb30px\u00a0\u00bb][\/vc_column_inner][\/vc_row_inner][\/vc_column][\/vc_row][vc_row max_width=\u00a0\u00bb80&Prime;][vc_column][vc_row_inner][vc_column_inner width=\u00a0\u00bb7\/12&Prime;][vc_column_text color=\u00a0\u00bb#0a0a0a\u00a0\u00bb]\n<h1 style=\"text-align: right;\">Lyc\u00e9a, courtier grossiste en assurance :<br \/>\n<strong><span style=\"color: #f37021;\">r\u00f4le, expertises et avantages<\/span><\/strong><\/h1>\n[\/vc_column_text][vc_separator color=\u00a0\u00bbcustom\u00a0\u00bb align=\u00a0\u00bbalign_right\u00a0\u00bb border_width=\u00a0\u00bb2&Prime; el_width=\u00a0\u00bb30&Prime; accent_color=\u00a0\u00bb#e98011&Prime; css=\u00a0\u00bb.vc_custom_1623759426416{padding-top: 25px !important;padding-bottom: 25px !important;}\u00a0\u00bb][vc_empty_space height=\u00a0\u00bb40px\u00a0\u00bb][vc_column_text text_align=\u00a0\u00bbleft\u00a0\u00bb]\n<h2>Le m\u00e9tier de courtier grossiste en assurance<\/h2>\n[\/vc_column_text][vc_empty_space height=\u00a0\u00bb20px\u00a0\u00bb][vc_column_text]\n<p style=\"text-align: justify;\">Le <strong>courtage grossiste en assurance<\/strong> agit comme un pont entre assureurs et courtiers, fournissant des solutions sp\u00e9cialis\u00e9es en <strong>courtage d&rsquo;assurances<\/strong>. Lyc\u00e9a, en tant que <strong>courtier grossiste<\/strong>, excelle dans l\u2019optimisation des risques et la personnalisation des produits de courtage. Son r\u00f4le consiste \u00e0 n\u00e9gocier des tarifs comp\u00e9titifs et \u00e0 concevoir des offres sur mesure pour ses partenaires grossistes. Lyc\u00e9a se d\u00e9marque par sa capacit\u00e9 \u00e0 anticiper les besoins changeants du march\u00e9 des assurances et \u00e0 proposer des solutions flexibles pour ses clients. Cette flexibilit\u00e9 est une force pour le groupe de courtiers partenaires, leur offrant une gamme \u00e9largie de produits d\u2019assurances adapt\u00e9s \u00e0 diverses situations, renfor\u00e7ant ainsi son<strong> expertise en courtage d&rsquo;assurances<\/strong>.<\/p>\n[\/vc_column_text][vc_empty_space height=\u00a0\u00bb40px\u00a0\u00bb][vc_column_text text_align=\u00a0\u00bbleft\u00a0\u00bb]\n<h2>La diff\u00e9rence entre courtier grossiste et agent souscripteur<\/h2>\n[\/vc_column_text][vc_empty_space height=\u00a0\u00bb20px\u00a0\u00bb][vc_column_text]\n<p style=\"text-align: justify;\">Il est primordial de faire la distinction entre le <strong>courtier grossiste<\/strong> et l&rsquo;agent souscripteur dans le domaine de l&rsquo;assurance. Le courtier grossiste, ax\u00e9 sur le courtage d&rsquo;assurances, offre des solutions sp\u00e9cialis\u00e9es. Son expertise en courtage lui permet de n\u00e9gocier des accords avantageux et d&rsquo;adapter les produits aux besoins de ses partenaires en courtage. En revanche, l&rsquo;agent souscripteur, bien que mandataire de compagnies, se concentre sur la souscription et la gestion des polices pour le compte de ces compagnies. Cette distinction, quoique subtile, repose sur la nature m\u00eame de leur implication dans le <strong>courtage d&rsquo;assurances<\/strong>.<\/p>\n[\/vc_column_text][vc_empty_space height=\u00a0\u00bb40px\u00a0\u00bb][vc_column_text text_align=\u00a0\u00bbleft\u00a0\u00bb]\n<h2>Les produits et services propos\u00e9s par Lyc\u00e9a<\/h2>\n[\/vc_column_text][vc_empty_space height=\u00a0\u00bb20px\u00a0\u00bb][vc_column_text]\n<p style=\"text-align: justify;\">Lyc\u00e9a offre une gamme compl\u00e8te de produits d\u2019assurance adapt\u00e9s, couvrant sant\u00e9, pr\u00e9voyance et responsabilit\u00e9 civile, renfor\u00e7ant ainsi son portefeuille dans <strong>le courtage d&rsquo;assurances<\/strong>. Sa sp\u00e9cificit\u00e9 r\u00e9side dans la cr\u00e9ation de programmes sur mesure, r\u00e9pondant pr\u00e9cis\u00e9ment aux besoins de ses partenaires <strong>grossistes en courtage<\/strong>. En tant que courtier grossiste, Lyc\u00e9a s\u2019engage \u00e0 g\u00e9rer les risques de mani\u00e8re proactive, assurant une protection compl\u00e8te pour les clients finaux. Son \u00e9ventail de produits diversifi\u00e9s r\u00e9pond aux attentes d\u2019un groupe de courtiers grossistes en qu\u00eate de solutions sp\u00e9cifiques, consolidant ainsi son positionnement dans le secteur du <strong>courtage en assurances<\/strong>.<\/p>\n[\/vc_column_text][vc_empty_space height=\u00a0\u00bb40px\u00a0\u00bb][vc_column_text text_align=\u00a0\u00bbleft\u00a0\u00bb]\n<h2>Les partenariats et collaborations<\/h2>\n[\/vc_column_text][vc_empty_space height=\u00a0\u00bb20px\u00a0\u00bb][vc_column_text]\n<p style=\"text-align: justify;\">Lyc\u00e9a se distingue par ses partenariats strat\u00e9giques dans le domaine du courtage, \u00e9largissant ainsi son offre et consolidant sa position comp\u00e9titive sur le march\u00e9 du <strong>courtage d&rsquo;assurances<\/strong>. Cette d\u00e9marche strat\u00e9gique renforce ses relations avec un vaste r\u00e9seau de compagnies d&rsquo;assurance et de courtiers, lui permettant d&rsquo;acc\u00e9der \u00e0 des produits exclusifs et \u00e0 des tarifs comp\u00e9titifs dans le secteur du courtage d&rsquo;assurances. Ces partenariats strat\u00e9giques sont au c\u0153ur de l&rsquo;approche dynamique et novatrice de Lyc\u00e9a, faisant de cette entreprise un acteur majeur du <strong>courtage en assurances<\/strong>.<\/p>\n[\/vc_column_text][vc_empty_space height=\u00a0\u00bb40px\u00a0\u00bb][vc_column_text text_align=\u00a0\u00bbleft\u00a0\u00bb]\n<h2>L&rsquo;expertise de Lyc\u00e9a dans le march\u00e9 de l&rsquo;assurance<\/h2>\n[\/vc_column_text][vc_empty_space height=\u00a0\u00bb20px\u00a0\u00bb][vc_column_text]\n<p style=\"text-align: justify;\">Lyc\u00e9a, forte de ses origines historiques et de son \u00e9volution, s\u2019impose comme un acteur cl\u00e9 du march\u00e9 de l\u2019assurance, avec une expertise reconnue dans <strong>le courtage d&rsquo;assurances<\/strong>. Sa sp\u00e9cialisation dans les risques de transport et de logistique a \u00e9t\u00e9 \u00e9tendue \u00e0 des domaines sp\u00e9cialis\u00e9s tels que la Protection Juridique, les Tous Risques Exposition, et autres offres sur mesure, renfor\u00e7ant ainsi sa pr\u00e9sence et son savoir-faire dans <strong>le courtage en assurances<\/strong>.<\/p>\n[\/vc_column_text][vc_empty_space height=\u00a0\u00bb50px\u00a0\u00bb][vc_column_text]\n<p style=\"text-align: justify;\">Dans l&rsquo;univers complexe de l&rsquo;assurance, Lyc\u00e9a Risks Solutions s&rsquo;affirme comme un pivot incontournable du <strong>courtage d&rsquo;assurances<\/strong>. Son histoire ancr\u00e9e dans l&rsquo;expertise, conjugu\u00e9e \u00e0 sa capacit\u00e9 d&rsquo;adaptation face aux \u00e9volutions constantes du march\u00e9, en font un acteur cl\u00e9 du secteur. Gr\u00e2ce \u00e0 ses partenariats strat\u00e9giques et sa vision novatrice, Lyc\u00e9a consolide sa position comme un fournisseur de solutions d&rsquo;assurance diversifi\u00e9es et sp\u00e9cialis\u00e9es, r\u00e9pondant pr\u00e9cis\u00e9ment aux attentes de ses partenaires grossistes et de leurs clients. Son engagement envers l&rsquo;innovation et la qualit\u00e9 des services place Lyc\u00e9a au c\u0153ur d&rsquo;une relation de confiance avec ses clients, renfor\u00e7ant ainsi son statut en tant que r\u00e9f\u00e9rence incontest\u00e9e dans le domaine du <strong>courtage d&rsquo;assurances<\/strong>.<\/p>\n[\/vc_column_text][vc_empty_space height=\u00a0\u00bb50px\u00a0\u00bb][\/vc_column_inner][vc_column_inner width=\u00a0\u00bb5\/12&Prime;][vc_empty_space height=\u00a0\u00bb20px\u00a0\u00bb][vc_column_text color=\u00a0\u00bb#ffffff\u00a0\u00bb css=\u00a0\u00bb.vc_custom_1702467868900{padding-top: 20px !important;padding-right: 20px !important;padding-bottom: 20px !important;padding-left: 20px !important;background-color: #f37021 !important;}\u00a0\u00bb]Lyc\u00e9a Risks Solutions soci\u00e9t\u00e9 lyonnaise d\u2019assurance ayant le statut d\u2019agent souscripteur a \u00e9t\u00e9 cr\u00e9\u00e9e il y a pr\u00e8s de cent ans. D\u00e8s l\u2019origine les cabinets Chomel, cr\u00e9\u00e9 en 1926, et Dumas-Chavane, cr\u00e9\u00e9 en 1922, repr\u00e9sentaient sur la place de Lyon des compagnies d\u2019assurance auxquelles ils apportaient leurs comp\u00e9tences en mati\u00e8re d\u2019assurance transport ainsi qu\u2019un r\u00e9seau de courtiers partenaires.<\/p>\n<p>Au travers de ces courtiers, les cabinets Chomel et Dumas-Chavane apportaient une r\u00e9ponse aux besoins d\u2019industriels d\u00e9j\u00e0 orient\u00e9s \u00e0 l\u2019international, ainsi qu\u2019aux transporteurs de la vall\u00e9e du Rh\u00f4ne alors en plein essor. Aux d\u00e9but des ann\u00e9es 90, les cabinets Chomel et Dumas Chavane se rapprochent pour constituer Chomel Dumas Chavane. En 2018, Chomel Dumas Chavane devient Lyc\u00e9a Risks Solutions.<\/p>\n<p>Durant trois g\u00e9n\u00e9rations, Lyc\u00e9a Risks Solutions a \u00e9toff\u00e9 son portefeuille de courtiers partenaires sur toute la France, s\u2019est implant\u00e9 dans les DROM COM, et a d\u00e9velopp\u00e9 son offre sur les risques de transport et de logistique (assurance marchandises transport\u00e9es, assurance stock et transit, assurance des transporteurs \u2026), afin d\u2019apporter des solutions toujours plus pointues sur un march\u00e9 en \u00e9volution permanente.<\/p>\n<p>Fid\u00e8le \u00e0 sa vocation d\u2019apporter des solutions innovantes et qualitatives \u00e0 ses courtiers partenaires, Lyc\u00e9a Risks Solutions a d\u00e9velopp\u00e9 ces derni\u00e8res ann\u00e9es des nouvelles offres d\u00e9l\u00e9gu\u00e9es sur des risques sp\u00e9ciaux ou de niche, pour lesquels l\u2019offre du march\u00e9 est souvent trop restreinte ou trop contraignante. Lyc\u00e9a Risks Solutions se positionne d\u00e9sormais sur les risques de Protection Juridique, de Tous Risques Exposition, de Dommage Aux Biens, d\u2019Annulation d\u2019Ev\u00e8nement, de Tous Risques Bijoux, de Garantie d\u2019Objets d\u2019Arts, de Bris De Machine, etc.<\/p>\n<p>Face \u00e0 une demande croissante de ses partenaires et pour pouvoir leur apporter une solution globale, LRS propose depuis 2019 des solutions sur mesure en partenariat avec sa maison m\u00e8re, le cabinet de courtage Lycea.<\/p>\n<p><a href=\"https:\/\/mlqypjg5vbew.i.optimole.com\/w:auto\/h:auto\/q:mauto\/ig:avif\/https:\/\/lycea.fr\/courtier\/wp-content\/uploads\/2023\/12\/schema-courtier.png\"><img data-opt-id=1869935090  fetchpriority=\"high\" decoding=\"async\" class=\"size-full wp-image-6413 aligncenter\" src=\"https:\/\/mlqypjg5vbew.i.optimole.com\/w:auto\/h:auto\/q:mauto\/ig:avif\/https:\/\/lycea.fr\/courtier\/wp-content\/uploads\/2023\/12\/schema-courtier.png\" alt=\"\" width=\"1335\" height=\"359\" srcset=\"https:\/\/mlqypjg5vbew.i.optimole.com\/w:1335\/h:359\/q:mauto\/ig:avif\/https:\/\/lycea.fr\/courtier\/wp-content\/uploads\/2023\/12\/schema-courtier.png 1335w, https:\/\/mlqypjg5vbew.i.optimole.com\/w:300\/h:81\/q:mauto\/ig:avif\/https:\/\/lycea.fr\/courtier\/wp-content\/uploads\/2023\/12\/schema-courtier.png 300w, https:\/\/mlqypjg5vbew.i.optimole.com\/w:1030\/h:277\/q:mauto\/ig:avif\/https:\/\/lycea.fr\/courtier\/wp-content\/uploads\/2023\/12\/schema-courtier.png 1030w, https:\/\/mlqypjg5vbew.i.optimole.com\/w:768\/h:207\/q:mauto\/ig:avif\/https:\/\/lycea.fr\/courtier\/wp-content\/uploads\/2023\/12\/schema-courtier.png 768w, https:\/\/mlqypjg5vbew.i.optimole.com\/w:1320\/h:355\/q:mauto\/ig:avif\/https:\/\/lycea.fr\/courtier\/wp-content\/uploads\/2023\/12\/schema-courtier.png 1320w\" sizes=\"(max-width: 980px) 100vw, 980px\" \/><\/a>[\/vc_column_text][vc_empty_space height=\u00a0\u00bb30px\u00a0\u00bb][vc_column_text el_class=\u00a0\u00bbnew-cta-telephone\u00a0\u00bb color=\u00a0\u00bb#ffffff\u00a0\u00bb css=\u00a0\u00bb.vc_custom_1702469043232{padding-top: 20px !important;padding-right: 20px !important;padding-bottom: 20px !important;padding-left: 20px !important;background-color: #2f3c49 !important;}\u00a0\u00bb]\n<p class=\"texte-new-cta\">Pour toutes demandes de devis, contacter Antoine Pandraud<\/p>\n<div class=\"reste-info-cta\">\n<p><img data-opt-id=1639499122  fetchpriority=\"high\" decoding=\"async\" class=\"size-full wp-image-7297 alignleft\" src=\"https:\/\/mlqypjg5vbew.i.optimole.com\/w:auto\/h:auto\/q:mauto\/ig:avif\/https:\/\/lycea.fr\/wp-content\/uploads\/2022\/04\/lycea-assurances-Antoine-Pandraud.jpg\" alt=\"\" width=\"1142\" height=\"1142\" \/><\/p>\n<div><span class=\"cta-phone-new\">04 72 56 19 80<\/span><br \/>\napandraud@lycea.fr<\/div>\n<\/div>\n<p>Ou <a class=\"button-interne\" href=\"https:\/\/lycea.fr\/courtier\/devis\/\">ACC\u00c9DEZ AU FORMULAIRE<\/a>[\/vc_column_text]<style>.vcex-button.vcex_69f530391b29f{border-radius:0px;width:100%;padding:20px;font-weight:200;}<\/style><div class=\"vc_custom_1702460420036 wpex-clr\"><div class=\"theme-button-wrap textcenter wpex-clr\"><a href=\"https:\/\/lycea.fr\/courtier\/nos-solutions\/\" class=\"vcex-button theme-button small align-center inline bouton-devis wpex-flex-shrink-0 vcex_69f530391b29f\"><span class=\"vcex-button-inner theme-button-inner wpex-flex wpex-flex-wrap wpex-items-center wpex-justify-center\">VOIR TOUTES NOS SOLUTIONS<\/span><\/a><\/div><\/div> [\/vc_column_inner][\/vc_row_inner][\/vc_column][\/vc_row]\n<\/div>","protected":false},"excerpt":{"rendered":"<p>[vc_row content_placement=\u00a0\u00bbmiddle\u00a0\u00bb el_class=\u00a0\u00bbslider-accueil\u00a0\u00bb css=\u00a0\u00bb.vc_custom_1624001727476{background-image: url(https:\/\/mlqypjg5vbew.i.optimole.com\/w:auto\/h:auto\/q:mauto\/ig:avif\/https:\/\/lycea.fr\/courtier\/wp-content\/uploads\/2017\/08\/stock.jpg?id=4732) !important;background-position: center !important;background-repeat: no-repeat !important;background-size: cover !important;}\u00a0\u00bb][vc_column][\/vc_column][\/vc_row][vc_row content_placement=\u00a0\u00bbmiddle\u00a0\u00bb equal_height=\u00a0\u00bbyes\u00a0\u00bb max_width=\u00a0\u00bb80&Prime;][vc_column][vc_empty_space height=\u00a0\u00bb30px\u00a0\u00bb][vc_row_inner][vc_column_inner width=\u00a0\u00bb1\/2&Prime;][vc_column_text text_align=\u00a0\u00bbleft\u00a0\u00bb color=\u00a0\u00bb#ffffff\u00a0\u00bb]ESPACE CLIENTS[\/vc_column_text][vc_empty_space height=\u00a0\u00bb30px\u00a0\u00bb][\/vc_column_inner][vc_column_inner width=\u00a0\u00bb1\/2&Prime;][vc_empty_space height=\u00a0\u00bb20px\u00a0\u00bb][vc_column_text] [\/vc_column_text][vc_empty_space height=\u00a0\u00bb30px\u00a0\u00bb][\/vc_column_inner][\/vc_row_inner][\/vc_column][\/vc_row][vc_row max_width=\u00a0\u00bb80&Prime;][vc_column][vc_row_inner][vc_column_inner width=\u00a0\u00bb7\/12&Prime;][vc_column_text color=\u00a0\u00bb#0a0a0a\u00a0\u00bb] Lyc\u00e9a, courtier grossiste en assurance : r\u00f4le, expertises et avantages [\/vc_column_text][vc_separator color=\u00a0\u00bbcustom\u00a0\u00bb align=\u00a0\u00bbalign_right\u00a0\u00bb border_width=\u00a0\u00bb2&Prime; el_width=\u00a0\u00bb30&Prime; accent_color=\u00a0\u00bb#e98011&Prime; css=\u00a0\u00bb.vc_custom_1623759426416{padding-top: 25px !important;padding-bottom: 25px !important;}\u00a0\u00bb][vc_empty_space height=\u00a0\u00bb40px\u00a0\u00bb][vc_column_text text_align=\u00a0\u00bbleft\u00a0\u00bb] Le m\u00e9tier de courtier&hellip;<\/p>\n","protected":false},"author":4,"featured_media":0,"parent":0,"menu_order":0,"comment_status":"closed","ping_status":"closed","template":"","meta":{"footnotes":""},"class_list":["post-6404","page","type-page","status-publish","hentry","entry","no-media"],"yoast_head":"<!-- This site is optimized with the Yoast SEO plugin v27.2 - https:\/\/yoast.com\/product\/yoast-seo-wordpress\/ -->\n<title>Lyc\u00e9a, courtier grossiste en assurance : r\u00f4le et avantages<\/title>\n<meta name=\"description\" content=\"D\u00e9couvrez le r\u00f4le essentiel du courtier grossiste en assurance, ses avantages pour assureurs et courtiers\" \/>\n<meta name=\"robots\" content=\"noindex, nofollow\" \/>\n<meta property=\"og:locale\" content=\"fr_FR\" \/>\n<meta property=\"og:type\" content=\"article\" \/>\n<meta property=\"og:title\" content=\"Lyc\u00e9a, courtier grossiste en assurance : r\u00f4le et avantages\" \/>\n<meta property=\"og:description\" content=\"D\u00e9couvrez le r\u00f4le essentiel du courtier grossiste en assurance, ses avantages pour assureurs et courtiers\" \/>\n<meta property=\"og:url\" content=\"https:\/\/lycea.fr\/courtier\/courtier-grossiste-assurance-2\/\" \/>\n<meta property=\"og:site_name\" content=\"Lyc\u00e9a Courtier\" \/>\n<meta property=\"article:modified_time\" content=\"2023-12-13T12:05:36+00:00\" \/>\n<meta property=\"og:image\" content=\"https:\/\/mlqypjg5vbew.i.optimole.com\/w:auto\/h:auto\/q:mauto\/ig:avif\/https:\/\/lycea.fr\/courtier\/wp-content\/uploads\/2023\/12\/schema-courtier.png\" \/>\n<meta name=\"twitter:card\" content=\"summary_large_image\" \/>\n<meta name=\"twitter:label1\" content=\"Dur\u00e9e de lecture estim\u00e9e\" \/>\n\t<meta name=\"twitter:data1\" content=\"6 minutes\" \/>\n<script type=\"application\/ld+json\" class=\"yoast-schema-graph\">{\"@context\":\"https:\/\/schema.org\",\"@graph\":[{\"@type\":\"WebPage\",\"@id\":\"https:\/\/lycea.fr\/courtier\/courtier-grossiste-assurance-2\/\",\"url\":\"https:\/\/lycea.fr\/courtier\/courtier-grossiste-assurance-2\/\",\"name\":\"Lyc\u00e9a, courtier grossiste en assurance : r\u00f4le et avantages\",\"isPartOf\":{\"@id\":\"https:\/\/lycea.fr\/courtier\/#website\"},\"primaryImageOfPage\":{\"@id\":\"https:\/\/lycea.fr\/courtier\/courtier-grossiste-assurance-2\/#primaryimage\"},\"image\":{\"@id\":\"https:\/\/lycea.fr\/courtier\/courtier-grossiste-assurance-2\/#primaryimage\"},\"thumbnailUrl\":\"https:\/\/mlqypjg5vbew.i.optimole.com\/w:auto\/h:auto\/q:mauto\/ig:avif\/https:\/\/lycea.fr\/courtier\/wp-content\/uploads\/2023\/12\/schema-courtier.png\",\"datePublished\":\"2023-12-12T15:18:41+00:00\",\"dateModified\":\"2023-12-13T12:05:36+00:00\",\"description\":\"D\u00e9couvrez le r\u00f4le essentiel du courtier grossiste en assurance, ses avantages pour assureurs et courtiers\",\"breadcrumb\":{\"@id\":\"https:\/\/lycea.fr\/courtier\/courtier-grossiste-assurance-2\/#breadcrumb\"},\"inLanguage\":\"fr-FR\",\"potentialAction\":[{\"@type\":\"ReadAction\",\"target\":[\"https:\/\/lycea.fr\/courtier\/courtier-grossiste-assurance-2\/\"]}]},{\"@type\":\"ImageObject\",\"inLanguage\":\"fr-FR\",\"@id\":\"https:\/\/lycea.fr\/courtier\/courtier-grossiste-assurance-2\/#primaryimage\",\"url\":\"https:\/\/mlqypjg5vbew.i.optimole.com\/w:auto\/h:auto\/q:mauto\/ig:avif\/https:\/\/lycea.fr\/courtier\/wp-content\/uploads\/2023\/12\/schema-courtier.png\",\"contentUrl\":\"https:\/\/mlqypjg5vbew.i.optimole.com\/w:auto\/h:auto\/q:mauto\/ig:avif\/https:\/\/lycea.fr\/courtier\/wp-content\/uploads\/2023\/12\/schema-courtier.png\",\"width\":1335,\"height\":359},{\"@type\":\"BreadcrumbList\",\"@id\":\"https:\/\/lycea.fr\/courtier\/courtier-grossiste-assurance-2\/#breadcrumb\",\"itemListElement\":[{\"@type\":\"ListItem\",\"position\":1,\"name\":\"Accueil\",\"item\":\"https:\/\/lycea.fr\/courtier\/\"},{\"@type\":\"ListItem\",\"position\":2,\"name\":\"Courtier grossiste en assurance &#8211; opti seo\"}]},{\"@type\":\"WebSite\",\"@id\":\"https:\/\/lycea.fr\/courtier\/#website\",\"url\":\"https:\/\/lycea.fr\/courtier\/\",\"name\":\"Lyc\u00e9a Courtier\",\"description\":\"Agent souscripteur en assurances\",\"publisher\":{\"@id\":\"https:\/\/lycea.fr\/courtier\/#organization\"},\"potentialAction\":[{\"@type\":\"SearchAction\",\"target\":{\"@type\":\"EntryPoint\",\"urlTemplate\":\"https:\/\/lycea.fr\/courtier\/?s={search_term_string}\"},\"query-input\":{\"@type\":\"PropertyValueSpecification\",\"valueRequired\":true,\"valueName\":\"search_term_string\"}}],\"inLanguage\":\"fr-FR\"},{\"@type\":\"Organization\",\"@id\":\"https:\/\/lycea.fr\/courtier\/#organization\",\"name\":\"Lyc\u00e9a Courtier\",\"url\":\"https:\/\/lycea.fr\/courtier\/\",\"logo\":{\"@type\":\"ImageObject\",\"inLanguage\":\"fr-FR\",\"@id\":\"https:\/\/lycea.fr\/courtier\/#\/schema\/logo\/image\/\",\"url\":\"https:\/\/mlqypjg5vbew.i.optimole.com\/w:auto\/h:auto\/q:mauto\/ig:avif\/https:\/\/lycea.fr\/courtier\/wp-content\/uploads\/2021\/06\/logo-lycea.png\",\"contentUrl\":\"https:\/\/mlqypjg5vbew.i.optimole.com\/w:auto\/h:auto\/q:mauto\/ig:avif\/https:\/\/lycea.fr\/courtier\/wp-content\/uploads\/2021\/06\/logo-lycea.png\",\"width\":324,\"height\":116,\"caption\":\"Lyc\u00e9a Courtier\"},\"image\":{\"@id\":\"https:\/\/lycea.fr\/courtier\/#\/schema\/logo\/image\/\"}}]}<\/script>\n<!-- \/ Yoast SEO plugin. -->","yoast_head_json":{"title":"Lyc\u00e9a, courtier grossiste en assurance : r\u00f4le et avantages","description":"D\u00e9couvrez le r\u00f4le essentiel du courtier grossiste en assurance, ses avantages pour assureurs et courtiers","robots":{"index":"noindex","follow":"nofollow"},"og_locale":"fr_FR","og_type":"article","og_title":"Lyc\u00e9a, courtier grossiste en assurance : r\u00f4le et avantages","og_description":"D\u00e9couvrez le r\u00f4le essentiel du courtier grossiste en assurance, ses avantages pour assureurs et courtiers","og_url":"https:\/\/lycea.fr\/courtier\/courtier-grossiste-assurance-2\/","og_site_name":"Lyc\u00e9a Courtier","article_modified_time":"2023-12-13T12:05:36+00:00","og_image":[{"url":"https:\/\/mlqypjg5vbew.i.optimole.com\/w:auto\/h:auto\/q:mauto\/ig:avif\/https:\/\/lycea.fr\/courtier\/wp-content\/uploads\/2023\/12\/schema-courtier.png","type":"","width":"","height":""}],"twitter_card":"summary_large_image","twitter_misc":{"Dur\u00e9e de lecture estim\u00e9e":"6 minutes"},"schema":{"@context":"https:\/\/schema.org","@graph":[{"@type":"WebPage","@id":"https:\/\/lycea.fr\/courtier\/courtier-grossiste-assurance-2\/","url":"https:\/\/lycea.fr\/courtier\/courtier-grossiste-assurance-2\/","name":"Lyc\u00e9a, courtier grossiste en assurance : r\u00f4le et avantages","isPartOf":{"@id":"https:\/\/lycea.fr\/courtier\/#website"},"primaryImageOfPage":{"@id":"https:\/\/lycea.fr\/courtier\/courtier-grossiste-assurance-2\/#primaryimage"},"image":{"@id":"https:\/\/lycea.fr\/courtier\/courtier-grossiste-assurance-2\/#primaryimage"},"thumbnailUrl":"https:\/\/mlqypjg5vbew.i.optimole.com\/w:auto\/h:auto\/q:mauto\/ig:avif\/https:\/\/lycea.fr\/courtier\/wp-content\/uploads\/2023\/12\/schema-courtier.png","datePublished":"2023-12-12T15:18:41+00:00","dateModified":"2023-12-13T12:05:36+00:00","description":"D\u00e9couvrez le r\u00f4le essentiel du courtier grossiste en assurance, ses avantages pour assureurs et courtiers","breadcrumb":{"@id":"https:\/\/lycea.fr\/courtier\/courtier-grossiste-assurance-2\/#breadcrumb"},"inLanguage":"fr-FR","potentialAction":[{"@type":"ReadAction","target":["https:\/\/lycea.fr\/courtier\/courtier-grossiste-assurance-2\/"]}]},{"@type":"ImageObject","inLanguage":"fr-FR","@id":"https:\/\/lycea.fr\/courtier\/courtier-grossiste-assurance-2\/#primaryimage","url":"https:\/\/mlqypjg5vbew.i.optimole.com\/w:auto\/h:auto\/q:mauto\/ig:avif\/https:\/\/lycea.fr\/courtier\/wp-content\/uploads\/2023\/12\/schema-courtier.png","contentUrl":"https:\/\/mlqypjg5vbew.i.optimole.com\/w:auto\/h:auto\/q:mauto\/ig:avif\/https:\/\/lycea.fr\/courtier\/wp-content\/uploads\/2023\/12\/schema-courtier.png","width":1335,"height":359},{"@type":"BreadcrumbList","@id":"https:\/\/lycea.fr\/courtier\/courtier-grossiste-assurance-2\/#breadcrumb","itemListElement":[{"@type":"ListItem","position":1,"name":"Accueil","item":"https:\/\/lycea.fr\/courtier\/"},{"@type":"ListItem","position":2,"name":"Courtier grossiste en assurance &#8211; opti seo"}]},{"@type":"WebSite","@id":"https:\/\/lycea.fr\/courtier\/#website","url":"https:\/\/lycea.fr\/courtier\/","name":"Lyc\u00e9a Courtier","description":"Agent souscripteur en assurances","publisher":{"@id":"https:\/\/lycea.fr\/courtier\/#organization"},"potentialAction":[{"@type":"SearchAction","target":{"@type":"EntryPoint","urlTemplate":"https:\/\/lycea.fr\/courtier\/?s={search_term_string}"},"query-input":{"@type":"PropertyValueSpecification","valueRequired":true,"valueName":"search_term_string"}}],"inLanguage":"fr-FR"},{"@type":"Organization","@id":"https:\/\/lycea.fr\/courtier\/#organization","name":"Lyc\u00e9a Courtier","url":"https:\/\/lycea.fr\/courtier\/","logo":{"@type":"ImageObject","inLanguage":"fr-FR","@id":"https:\/\/lycea.fr\/courtier\/#\/schema\/logo\/image\/","url":"https:\/\/mlqypjg5vbew.i.optimole.com\/w:auto\/h:auto\/q:mauto\/ig:avif\/https:\/\/lycea.fr\/courtier\/wp-content\/uploads\/2021\/06\/logo-lycea.png","contentUrl":"https:\/\/mlqypjg5vbew.i.optimole.com\/w:auto\/h:auto\/q:mauto\/ig:avif\/https:\/\/lycea.fr\/courtier\/wp-content\/uploads\/2021\/06\/logo-lycea.png","width":324,"height":116,"caption":"Lyc\u00e9a Courtier"},"image":{"@id":"https:\/\/lycea.fr\/courtier\/#\/schema\/logo\/image\/"}}]}},"_links":{"self":[{"href":"https:\/\/lycea.fr\/courtier\/wp-json\/wp\/v2\/pages\/6404","targetHints":{"allow":["GET"]}}],"collection":[{"href":"https:\/\/lycea.fr\/courtier\/wp-json\/wp\/v2\/pages"}],"about":[{"href":"https:\/\/lycea.fr\/courtier\/wp-json\/wp\/v2\/types\/page"}],"author":[{"embeddable":true,"href":"https:\/\/lycea.fr\/courtier\/wp-json\/wp\/v2\/users\/4"}],"replies":[{"embeddable":true,"href":"https:\/\/lycea.fr\/courtier\/wp-json\/wp\/v2\/comments?post=6404"}],"version-history":[{"count":16,"href":"https:\/\/lycea.fr\/courtier\/wp-json\/wp\/v2\/pages\/6404\/revisions"}],"predecessor-version":[{"id":6425,"href":"https:\/\/lycea.fr\/courtier\/wp-json\/wp\/v2\/pages\/6404\/revisions\/6425"}],"wp:attachment":[{"href":"https:\/\/lycea.fr\/courtier\/wp-json\/wp\/v2\/media?parent=6404"}],"curies":[{"name":"wp","href":"https:\/\/api.w.org\/{rel}","templated":true}]}}